e remainder when 197186 is divided by 14780.
5046
What is the remainder when 1853402 is divided by 8657?
804
Calculate the remainder when 43753 is divided by 1575.
1228
What is the remainder when 188480 is divided by 188356?
124
What is the remainder when 9010869 is divided by 45?
24
What is the remainder when 50934602 is divided by 12?
2
What is the remainder when 2937413 is divided by 397?
10
What is the remainder when 333038 is divided by 152?
6
What is the remainder when 4237173 is divided by 880?
853
What is the remainder when 9466 is divided by 6175?
3291
Calculate the remainder when 6707935 is divided by 213.
139
What is the remainder when 4648508 is divided by 2324248?
12
What is the remainder when 64671 is divided by 1749?
1707
Calculate the remainder when 4240053 is divided by 64243.
15
Calculate the remainder when 50242398 is divided by 13.
11
What is the remainder when 19227200 is divided by 99?
14
What is the remainder when 16882139 is divided by 250?
139
Calculate the remainder when 3386847 is divided by 119.
107
What is the remainder when 438718 is divided by 6749?
33
Calculate the remainder when 3325419 is divided by 70.
69
What is the remainder when 302898 is divided by 878?
866
What is the remainder when 932529 is divided by 34?
11
Calculate the remainder when 745814 is divided by 7311.
92
Calculate the remainder when 113953 is divided by 1656.
1345
What is the remainder when 2037521 is divided by 15?
11
Calculate the remainder when 25630383 is divided by 1654.
1653
Calculate the remainder when 64820 is divided by 32155.
510
Calculate the remainder when 596123 is divided by 4965.
323
Calculate the remainder when 969081621 is divided by 2052.
2049
What is the remainder when 712637 is divided by 1083?
23
Calculate the remainder when 7280360 is divided by 2426739.
143
What is the remainder when 1368122 is divided by 306?
302
Calculate the remainder when 35781383 is divided by 6539.
6514
Calculate the remainder when 16104106 is divided by 220604.
14
Calculate the remainder when 68878 is divided by 17147.
290
What is the remainder when 172781 is divided by 7853?
15
Calculate the remainder when 3468181 is divided by 11.
2
Calculate the remainder when 29292 is divided by 6795.
2112
Calculate the remainder when 219750 is divided by 54773.
658
What is the remainder when 5889115 is divided by 111115?
20
Calculate the remainder when 17208435 is divided by 28.
27
Calculate the remainder when 170258 is divided by 18917.
5
Calculate the remainder when 1055357 is divided by 263837.
9
Calculate the remainder when 10190649 is divided by 479.
403
What is the remainder when 42789610 is divided by 1782900?
10
What is the remainder when 1067358 is divided by 88911?
426
Calculate the remainder when 8932314 is divided by 477.
12
Calculate the remainder when 33784160 is divided by 16892067.
26
What is the remainder when 17009745 is divided by 1361?
1328
Calculate the remainder when 1757874 is divided by 244.
98
What is the remainder when 381374 is divided by 54471?
77
Calculate the remainder when 1040416 is divided by 22616.
80
What is the remainder when 335245 is divided by 111669?
238
What is the remainder when 13180875 is divided by 778?
777
Calculate the remainder when 3838830 is divided by 97.
55
What is the remainder when 344164 is divided by 49161?
37
Calculate the remainder when 56610 is divided by 12516.
6546
What is the remainder when 407531 is divided by 406987?
544
What is the remainder when 190500 is divided by 403?
284
What is the remainder when 7117186 is divided by 301?
41
Calculate the remainder when 91072834 is divided by 1284.
1282
What is the remainder when 509595476 is divided by 781?
5
What is the remainder when 16659958 is divided by 570?
568
What is the remainder when 291737 is divided by 1569?
1472
Calculate the remainder when 34389718 is divided by 21202.
74
What is the remainder when 6587839 is divided by 479?
152
What is the remainder when 2266563 is divided by 62959?
39
What is the remainder when 5593374 is divided by 1864304?
462
Calculate the remainder when 78020 is divided by 1346.
1298
What is the remainder when 25167586 is divided by 298?
294
Calculate the remainder when 175008 is divided by 12381.
1674
What is the remainder when 84523 is divided by 41452?
1619
Calculate the remainder when 1758335 is divided by 1492.
759
Calculate the remainder when 22082731 is divided by 1708.
1707
What is the remainder when 961250 is divided by 43216?
10498
Calculate the remainder when 5002291 is divided by 42392.
35
Calculate the remainder when 31192 is divided by 25071.
6121
What is the remainder when 456019 is divided by 152002?
13
Calculate the remainder when 206673 is divided by 9683.
3330
Calculate the remainder when 19123214 is divided by 791.
789
Calculate the remainder when 169582 is divided by 4839.
217
Calculate the remainder when 665730 is divided by 152.
122
Calculate the remainder when 842547 is divided by 487.
37
What is the remainder when 3770042 is divided by 2346?
20
Calculate the remainder when 35922706 is divided by 1151.
1147
What is the remainder when 1730187 is divided by 3101?
2930
Calculate the remainder when 2305253 is divided by 768417.
2
Calculate the remainder when 1204860 is divided by 3651.
30
Calculate the remainder when 15588634 is divided by 1439.
1386
Calculate the remainder when 609782 is divided by 3682.
2252
Calculate the remainder when 9278 is divided by 239.
196
Calculate the remainder when 8133518 is divided by 69.
5
What is the remainder when 2468989 is divided by 2746?
335
Calculate the remainder when 6157408 is divided by 489.
409
Calculate the remainder when 138613 is divided by 135606.
3007
What is the remainder when 98422414 is divided by 28?
6
What is the remainder when 161069 is divided by 1268?
33
What is the remainder when 4133 is divided by 2253?
1880
Calculate the remainder when 170348 is divided by 56119.
1991
What is the remainder when 7502859 is divided by 3751099?
661
What is the remainder when 545933 is divided by 13998?
11
What is the remainder when 457452 is divided by 151?
73
What is the remainder when 113053 is divided by 1137?
490
Calculate the remainder when 1354646 is divided by 784.
678
Calculate the remainder when 17515519 is divided by 85.
79
What is the remainder when 7266287 is divided by 1532?
11
Calculate the remainder when 3737436 is divided by 1245803.
27
What is the remainder when 276857 is divided by 10199?
1484
What is the remainder when 74288176 is divided by 47?
23
What is the remainder when 8507298 is divided by 3122?
2970
What is the remainder when 163661 is divided by 845?
576
Calculate the remainder when 220185 is divided by 1018.
297
Calculate the remainder when 73941 is divided by 183.
9
Calculate the remainder when 4327299 is divided by 137.
17
What is the remainder when 170909 is divided by 1921?
1861
What is the remainder when 100319 is divided by 19837?
1134
What is the remainder when 1010123 is divided by 1010110?
13
Calculate the remainder when 26714703 is divided by 81.
12
Calculate the remainder when 290416 is divided by 7833.
595
What is the remainder when 3609836 is divided by 371?
6
What is the remainder when 245325 is divided by 23?
7
Calculate the remainder when 514341 is divided by 727.
352
What is the remainder when 10647771 is divided by 85?
76
What is the remainder when 1285894 is divided by 98872?
558
Calculate the remainder when 1598237 is divided by 21.
11
What is the remainder when 88237 is divided by 15173?
12372
Calculate the remainder when 154951 is divided by 19367.
15
Calculate the remainder when 209986 is divided by 52495.
6
Calculate the remainder when 712226 is divided by 20929.
640
Calculate the remainder when 1312794 is divided by 656346.
102
Calculate the remainder when 60377 is divided by 3757.
265
What is the remainder when 358253 is divided by 119030?
1163
Calculate the remainder when 1908871 is divided by 212095.
16
Calculate the remainder when 6070 is divided by 1196.
90
What is the remainder when 22434026 is divided by 3513?
8
What is the remainder when 338048 is divided by 110417?
6797
Calculate the remainder when 231012 is divided by 29.
27
Calculate the remainder when 60807 is divided by 791.
691
Calcu